 divisor of a and 5.
5
Let b = 74 - 52. Suppose -b = -5*s + 3*s. What is the highest common divisor of s and 99?
11
Suppose 5*b - 5 = 20. What is the greatest common factor of 55 and b?
5
Let h(b) = 3*b**2 + 20*b + 1. Let i be h(-7). What is the greatest common factor of i and 296?
8
Let m = 1 + -1. Suppose 3*k = 2*f + 373, k + 3*f = 183 - 55. Suppose m = 3*r - 4*r + i + 35, -k = -5*r - 5*i. What is the greatest common divisor of r and 10?
10
Let q be 2/(-1*6/(-15)). Suppose 2 = -q*x + 22. Suppose 0 = -2*h - x, -6*v + 5*h + 115 = -3*v. What is the highest common divisor of v and 315?
35
Suppose 14*a = a + 910. What is the greatest common divisor of 224 and a?
14
Let f = 4 - 2. Suppose 3*a = h + 4, 2*h - 2*a - f*a = -4. Suppose -2*w + h = 4, -4*d + 413 = 3*w. What is the greatest common divisor of d and 13?
13
Suppose 5*r - 3*p + 0*p - 195 = 0, r - 26 = -2*p. Calculate the highest common divisor of 18 and r.
18
Let s = 114 - 78. Let k(a) = a**2 - 3*a - 45. Let q be k(9). What is the greatest common divisor of s and q?
9
Let x(q) = -12*q + 39. Let g be x(-32). What is the highest common factor of g and 47?
47
Let h = 8 - 6. Suppose 5*b = -h*v + 8, -4*v + 22 - 6 = -b. Suppose -v*a + a + c = -133, -5*a = -2*c - 221. What is the highest common divisor of 30 and a?
15
Let g be 4/10 + (-17112)/(-120). Suppose -x = -2*x + 2. Let u be (x/(-2))/((-3)/39). Calculate the greatest common divisor of u and g.
13
Let t = 200 - 110. Calculate the greatest common factor of t and 120.
30
Let m(d) = d**3 + 11*d**2 + 25*d + 3. Let u be m(-4). Calculate the greatest common divisor of u and 235.
5
Let k(x) = -5*x + 53. Let g be k(9). Calculate the highest common divisor of 14 and g.
2
Suppose -456 = -481*u + 462*u. Calculate the highest common factor of 984 and u.
24
Let p = -61 - -30. Let i = p + 32. Calculate the greatest common factor of i and 1.
1
Suppose -3*b + 4*g - 14 = 0, 3*g - 23 = -3*b - b. Suppose 5*u - h = 25, 4*u + 1 = 3*h + b*h. Calculate the highest common factor of 15 and u.
3
Let f = 29 + -67. Let k = f - -49. Calculate the greatest common factor of k and 55.
11
Suppose 0 = 6*y - 475 + 85. What is the greatest common divisor of y and 13?
13
Let u(v) = -v**2 + 8*v + 2. Let x be u(5). Let o be ((-30)/10)/(1 - 0). Let f be (-2848)/(-24) - 1/o. Calculate the greatest common divisor of f and x.
17
Suppose -93*h = 5*o - 91*h - 876, -520 = -3*o - 4*h. What is the greatest common divisor of 110 and o?
22
Let d be (29 + -107)*2/(-4). Suppose -5*o - z + 164 = 0, o - d - 9 = -4*z. Suppose 2*p + 8 = 3*p. What is the highest common divisor of p and o?
8
Suppose 931 = 4*j - 1013. Calculate the highest common divisor of 9 and j.
9
Let b be ((-160)/15 + 4)/(4/(-54)). Calculate the greatest common factor of 60 and b.
30
Let h be 16/(1 - 10/6). Let f be 102/357 + 264/7. Let w = h + f. What is the highest common divisor of w and 154?
14
Let p be -45*((-336)/180)/(10/275). Calculate the highest common factor of p and 55.
55
Suppose 5*j - 58 = -3*n, -4*n + 43 = -2*n - j. Let t be (3/2)/((-24)/704*4). Let y = t + n. Calculate the greatest common factor of y and 2.
2
Suppose 2*g - 4 = -0. Suppose u = g*u - 9. What is the highest common divisor of u and 36?
9
Let y = 12 + -7. Suppose 16 = -4*s - y*f - 0, -5*s = 4*f + 11. What is the greatest common divisor of 3 and s?
1
Let t = 497 - 481. What is the highest common factor of t and 40?
8
Suppose 4*n - 8*g + 5*g = 48, -2*n = 4*g - 24. What is the highest common divisor of n and 6?
6
Let w = 846 + -840. Let k(a) be the third derivative of a**5/30 + 3*a**4/8 + 2*a**2. Let l be k(-6). What is the highest common divisor of l and w?
6
Suppose -233 = -3*v + y, 2*y + 232 = v + 2*v. Let p = 174 - v. What is the highest common divisor of p and 12?
12
Suppose 4*u = -2*d - 24, -2*d + 3*u = -12 + 1. Let k be d - (3 - 6) - 1. Let m be (1 - -28)/(k + 1). Calculate the highest common factor of m and 174.
29
Suppose -825*k - 8 = -826*k. What is the highest common divisor of k and 66?
2
Let s = -2204 + 4002. Calculate the greatest common divisor of 62 and s.
62
Let r = -13 + 21. Let m = r + -13. Let s = m + 18. Calculate the greatest common divisor of s and 52.
13
Suppose a + a = 78. Let d be 353 + (-42)/12 + (-9)/(-6). Calculate the greatest common divisor of d and a.
39
Let f = -45 + 49. Suppose -f*v - 13 = q, 7*v = 2*q + 4*v - 18. What is the highest common divisor of q and 1?
1
Let t = -652 + 673. What is the greatest common divisor of 3 and t?
3
Let g(n) = -n**3 + 19*n**2 + 71*n + 10. Let d be g(22). Calculate the highest common divisor of d and 270.
30
Let j(r) = r**3 + 11*r**2 + 20*r - 13. Let u be j(-8). Calculate the greatest common divisor of 171 and u.
19
Let l(h) = 28*h + 86. Let o be l(1). What is the highest common divisor of o and 532?
38
Suppose l - 5*y - 16 = 0, -51*l - 4*y = -55*l + 128. Calculate the highest common divisor of 192 and l.
12
Suppose -5*s + 16 = r + 2, -5*r - 4*s - 14 = 0. Let a = r + 7. What is the greatest common factor of 10 and a?
1
Let b(k) = -3*k + 12. Let q be b(-3). What is the greatest common divisor of q and 7?
7
Suppose -19600 = 16*f - 51*f. Calculate the greatest common factor of 105 and f.
35
Suppose -50*m = -m - 2352. Let n be 1 - (-3 + 4/2). Let b be 3*(-44)/(-6) + n. Calculate the greatest common factor of m and b.
24
Suppose 16*l - 71 - 25 = 0. Calculate the highest common factor of 27 and l.
3
Let k(l) = l - 3. Let u be k(5). Suppose 5*t - 42 = u*t. Calculate the greatest common factor of 21 and t.
7
Let y = -58 + 58. Suppose -15 = -2*p - s, -4*p + 5*s - s = y. What is the greatest common divisor of p and 85?
5
Suppose 2*a - 30 = 100. Suppose 2*c + o = -3*c + 133, -3*o + 35 = c. What is the highest common divisor of c and a?
13
Suppose 4*f = 27*f - 6877. Calculate the greatest common divisor of 23 and f.
23
Suppose 3*z + 5*l - 1081 = 0, -2*l + 246 - 242 = 0. Calculate the greatest common divisor of z and 68.
17
Let q(x) = 16*x**2 + 54*x + 54. Let c be q(-1). Suppose 0 = 4*p - 74 - 438. What is the greatest common factor of p and c?
16
Let j(y) = -y**2 + 55*y - 132. Let z be j(52). Suppose 32 = 3*u + u. Calculate the greatest common factor of z and u.
8
Suppose -5*g + 15 = 5. Calculate the highest common factor of g and 7.
1
Let o(l) = 3*l**2 - 36*l + 121. Let y be o(5). Calculate the highest common divisor of 1 and y.
1
Let k = 238 - 235. Suppose -46 = -0*r - r - k*d, 4*r = -5*d + 205. Let x be ((-2)/(-3))/(2/66). Calculate the greatest common divisor of x and r.
11
Suppose 4*n - 101 = 4*l + 43, 2*n - 69 = 5*l. Suppose -38 = -5*g + n. What is the greatest common divisor of g and 6?
3
Let d = -19 - -15. Let t be 0 + 10*d/(-8). What is the highest common factor of t and 55?
5
Suppose 12*v + 475 - 2239 = 0. Suppose d - 3*t + 126 = 6*d, -5*d = -4*t - v. Calculate the highest common divisor of d and 3.
3
Let b = -10 + 42. Let s(w) = 52*w + 1316. Let q be s(-21). What is the greatest common divisor of b and q?
32
Let z be (-30)/((3/(-12))/((-9)/(-6))). What is the highest common factor of 135 and z?
45
Suppose 0 = 3*q + d - 0*d - 19, 4*d + 15 = q. Let m = 12 - q. Suppose -m*j = l - 68, -3*j + 255 = 3*l + l. What is the greatest common divisor of l and 7?
7
Let q(w) = 18*w + 7*w**3 - 20*w**2 + 25 - 10*w**3 + 4*w**3. Let c be q(19). What is the highest common factor of 9 and c?
3
Let x(f) be the second derivative of f - f**2 + 0 + 1/3*f**3. Let a be x(4). What is the highest common divisor of 18 and a?
6
Suppose -2*d = -3*d. Suppose -21 - 1 = 2*l. Let b = d - l. Calculate the highest common divisor of 99 and b.
11
Let l = 340 - 155. Calculate the greatest common factor of 37 and l.
37
Let y(o) = -3*o - 6. Let m be y(-3). Let c be 64 + 3/(m/2). Suppose 0 = 5*b + 16 - c. Calculate the greatest common divisor of 30 and b.
10
Suppose 7*b - 505 = 2*b. Suppose -2*t = 19 - b. Let y = 125 - t. What is the greatest common factor of 12 and y?
12
Suppose -4*h + 78 = -5*u, 9*u = -2*h + 11*u + 40. Let x be (-1)/((-1)/40) - 2. Let m = x - -6. Calculate the greatest common factor of m and h.
22
Let s(b) = 37*b**2 - 2*b + 1. Let q be s(1). Let f(v) = v**2 + 31*v + 24. Let j be f(-31). Calculate the highest common factor of j and q.
12
Let r be (1 - 0) + (39 - 15). What is the highest common divisor of r and 5?